{"id":3,"date":"2023-05-30T13:58:39","date_gmt":"2023-05-30T12:58:39","guid":{"rendered":"https:\/\/psychedelischerweltraum.com\/?page_id=3"},"modified":"2023-07-23T19:14:12","modified_gmt":"2023-07-23T18:14:12","slug":"datenschutzerklarung","status":"publish","type":"page","link":"https:\/\/psychedelischerweltraum.com\/hu\/datenschutzerklarung\/","title":{"rendered":"Adatv\u00e9delmi szab\u00e1lyzat"},"content":{"rendered":"<p>K\u00f6sz\u00f6nj\u00fck l\u00e1togat\u00e1s\u00e1t a <a href=\"\/hu\/\">coke2kaufen.com<\/a> (a tov\u00e1bbiakban: \"weboldal\"). Az \u00d6n szem\u00e9lyes adatainak v\u00e9delme fontos sz\u00e1munkra. A k\u00f6vetkez\u0151kben szeretn\u00e9nk t\u00e1j\u00e9koztatni \u00d6nt arr\u00f3l, hogy milyen szem\u00e9lyes adatokat gy\u0171jt\u00fcnk a weboldalunkon tett l\u00e1togat\u00e1sa sor\u00e1n, milyen c\u00e9lokra haszn\u00e1ljuk fel azokat, \u00e9s milyen jogok illetik meg \u00d6nt az adatai tekintet\u00e9ben. Ez az adatv\u00e9delmi szab\u00e1lyzat a coke2kaufen.com weboldal haszn\u00e1lat\u00e1ra vonatkozik.<\/p>\n\n\n\n<ol class=\"wp-block-list\">\n<li>Felel\u0151s szerv<\/li>\n<\/ol>\n\n\n\n<p>A jelen weboldalon az adatfeldolgoz\u00e1s\u00e9rt felel\u0151s<\/p>\n\n\n\n<p>Coke2Kaufen GmbH Musterstra\u00dfe 123 12345 Musterstadt N\u00e9metorsz\u00e1g E-Mail: <a href=\"mailto:info@psychedelischerweltraum.com\">info@psychedelischerweltraum.com<\/a><\/p>\n\n\n\n<ol class=\"wp-block-list\" start=\"2\">\n<li>Szem\u00e9lyes adatok gy\u0171jt\u00e9se \u00e9s feldolgoz\u00e1sa<\/li>\n<\/ol>\n\n\n\n<p>a) A weboldal l\u00e1togat\u00e1sakor<\/p>\n\n\n\n<p>Amikor \u00d6n megl\u00e1togatja weboldalunkat, automatikusan gy\u0171jtj\u00fck \u00e9s t\u00e1roljuk azokat a technikai inform\u00e1ci\u00f3kat, amelyeket az \u00d6n b\u00f6ng\u00e9sz\u0151je tov\u00e1bb\u00edt a szerver\u00fcnkre. Ezek k\u00f6z\u00e9 tartozik az \u00d6n eszk\u00f6z\u00e9nek IP-c\u00edme, a b\u00f6ng\u00e9sz\u0151 t\u00edpusa, a hozz\u00e1f\u00e9r\u00e9s d\u00e1tuma \u00e9s id\u0151pontja, a megnyitott oldalak \u00e9s f\u00e1jlok, valamint az a weboldal, amelyr\u0151l \u00d6n a weboldalunkra l\u00e9pett (hivatkoz\u00f3 URL). Ezen adatok gy\u0171jt\u00e9se technikailag sz\u00fcks\u00e9ges ahhoz, hogy \u00d6n haszn\u00e1lni tudja weboldalunkat, valamint a stabilit\u00e1s \u00e9s a biztons\u00e1g \u00e9rdek\u00e9ben. Ezeket az adatokat nem vonjuk \u00f6ssze m\u00e1s adatforr\u00e1sokkal, \u00e9s nem haszn\u00e1ljuk fel felhaszn\u00e1l\u00f3i profilok l\u00e9trehoz\u00e1s\u00e1ra.<\/p>\n\n\n\n<p>b) A regisztr\u00e1ci\u00f3 \u00e9s a rendel\u00e9s sor\u00e1n<\/p>\n\n\n\n<p>Amikor \u00d6n regisztr\u00e1l a weboldalunkon vagy megrendel\u00e9st ad le, \u00f6sszegy\u0171jtj\u00fck a feldolgoz\u00e1shoz sz\u00fcks\u00e9ges szem\u00e9lyes adatokat. Ezek k\u00f6z\u00e9 tartozik az \u00d6n neve, c\u00edme, e-mail c\u00edme \u00e9s egy\u00e9b kapcsolattart\u00e1si adatai. Ezeket az adatokat kiz\u00e1r\u00f3lag az \u00d6nnel k\u00f6t\u00f6tt szerz\u0151d\u00e9s teljes\u00edt\u00e9s\u00e9hez haszn\u00e1ljuk fel, \u00e9s nem adjuk tov\u00e1bb harmadik f\u00e9lnek, kiv\u00e9ve, ha ez a szerz\u0151d\u00e9s teljes\u00edt\u00e9s\u00e9hez sz\u00fcks\u00e9ges (pl. tov\u00e1bb\u00edt\u00e1s a sz\u00e1ll\u00edt\u00e1si szolg\u00e1ltat\u00f3knak).<\/p>\n\n\n\n<p>c) A kapcsolatfelv\u00e9telkor<\/p>\n\n\n\n<p>Ha e-mailben vagy a weboldalon tal\u00e1lhat\u00f3 kapcsolatfelv\u00e9teli \u0171rlapon kereszt\u00fcl l\u00e9p kapcsolatba vel\u00fcnk, akkor az \u00d6n \u00e1ltal megadott adatokat t\u00e1roljuk, hogy feldolgozhassuk a megkeres\u00e9s\u00e9t. Ezeket az adatokat az \u00d6n hozz\u00e1j\u00e1rul\u00e1sa n\u00e9lk\u00fcl nem adjuk tov\u00e1bb harmadik f\u00e9lnek.<\/p>\n\n\n\n<p>d) S\u00fctik haszn\u00e1lata<\/p>\n\n\n\n<p>S\u00fctiket haszn\u00e1lunk, hogy jav\u00edtsuk \u00e9s elemezz\u00fck weboldalunk haszn\u00e1lat\u00e1t. A s\u00fctik olyan kis sz\u00f6veges f\u00e1jlok, amelyek az \u00d6n v\u00e9gberendez\u00e9s\u00e9n t\u00e1rol\u00f3dnak, \u00e9s bizonyos inform\u00e1ci\u00f3kat tartalmaznak. Arra szolg\u00e1lnak, hogy a honlapot felhaszn\u00e1l\u00f3bar\u00e1tabb\u00e1, hat\u00e9konyabb\u00e1 \u00e9s biztons\u00e1gosabb\u00e1 tegy\u00fck. A cookie-k t\u00e1rol\u00e1s\u00e1t a b\u00f6ng\u00e9sz\u0151 be\u00e1ll\u00edt\u00e1saiban kikapcsolhatja. K\u00e9rj\u00fck, vegye figyelembe, hogy ez korl\u00e1tozhatja weboldalunk m\u0171k\u00f6d\u00e9s\u00e9t.<\/p>\n\n\n\n<ol class=\"wp-block-list\" start=\"3\">\n<li>Az adatfeldolgoz\u00e1s c\u00e9lja<\/li>\n<\/ol>\n\n\n\n<p>Az \u00d6n szem\u00e9lyes adatait kiz\u00e1r\u00f3lag a k\u00f6vetkez\u0151 c\u00e9lokb\u00f3l kezelj\u00fck:<\/p>\n\n\n\n<ul class=\"wp-block-list\">\n<li>Weboldalunk biztos\u00edt\u00e1sa \u00e9s fejleszt\u00e9se<\/li>\n\n\n\n<li>Megrendel\u00e9sek \u00e9s szerz\u0151d\u00e9sek feldolgoz\u00e1sa<\/li>\n\n\n\n<li>K\u00e9rd\u00e9sek megv\u00e1laszol\u00e1sa \u00e9s az \u00d6nnel val\u00f3 kommunik\u00e1ci\u00f3<\/li>\n\n\n\n<li>Az informatikai biztons\u00e1g garant\u00e1l\u00e1sa \u00e9s a hib\u00e1k elemz\u00e9se<\/li>\n\n\n\n<li>A jogi k\u00f6telezetts\u00e9gek teljes\u00edt\u00e9se<\/li>\n<\/ul>\n\n\n\n<ol class=\"wp-block-list\" start=\"4\">\n<li>Az adatfeldolgoz\u00e1s jogalapja<\/li>\n<\/ol>\n\n\n\n<p>Az \u00d6n szem\u00e9lyes adatait az Eur\u00f3pai Uni\u00f3 adatv\u00e9delmi t\u00f6rv\u00e9nyei, k\u00fcl\u00f6n\u00f6sen az \u00e1ltal\u00e1nos adatv\u00e9delmi rendelet (GDPR) alapj\u00e1n kezelj\u00fck. A jogalap k\u00fcl\u00f6n\u00f6sen az \u00d6nnel k\u00f6t\u00f6tt szerz\u0151d\u00e9s teljes\u00edt\u00e9se, az \u00d6n hozz\u00e1j\u00e1rul\u00e1sa vagy jogos \u00e9rdek\u00fcnk lehet.<\/p>\n\n\n\n<ol class=\"wp-block-list\" start=\"5\">\n<li>Az adatt\u00e1rol\u00e1s id\u0151tartama<\/li>\n<\/ol>\n\n\n\n<p>Az \u00d6n szem\u00e9lyes adatait csak addig t\u00e1roljuk, ameddig az sz\u00fcks\u00e9ges ahhoz a c\u00e9lhoz, amelyhez gy\u0171jt\u00f6tt\u00fck, vagy ameddig a t\u00f6rv\u00e9nyes meg\u0151rz\u00e9si id\u0151szakok megk\u00f6vetelik. Amint a c\u00e9l megsz\u0171nik, vagy a meg\u0151rz\u00e9si id\u0151szakok lej\u00e1rtak, az \u00d6n adatait t\u00f6r\u00f6lj\u00fck.<\/p>\n\n\n\n<ol class=\"wp-block-list\" start=\"6\">\n<li>K\u00f6zz\u00e9t\u00e9tel harmadik f\u00e9lnek<\/li>\n<\/ol>\n\n\n\n<p>Szem\u00e9lyes adatait nem adjuk \u00e1t harmadik f\u00e9lnek, kiv\u00e9ve, ha ez a szerz\u0151d\u00e9s teljes\u00edt\u00e9s\u00e9hez vagy jogi el\u0151\u00edr\u00e1sok miatt sz\u00fcks\u00e9ges.<\/p>\n\n\n\n<ol class=\"wp-block-list\" start=\"7\">\n<li>Az \u00d6n jogai<\/li>\n<\/ol>\n\n\n\n<p>\u00d6nnek joga van t\u00e1j\u00e9koztat\u00e1st kapni az \u00e1ltalunk feldolgozott adatokr\u00f3l, valamint joga van a helyesb\u00edt\u00e9shez, t\u00f6rl\u00e9shez, a feldolgoz\u00e1s korl\u00e1toz\u00e1s\u00e1hoz \u00e9s az adathordozhat\u00f3s\u00e1ghoz. \u00d6n b\u00e1rmikor visszavonhatja az adatai feldolgoz\u00e1s\u00e1hoz adott hozz\u00e1j\u00e1rul\u00e1s\u00e1t. Jogai gyakorl\u00e1s\u00e1hoz, vagy ha b\u00e1rmilyen k\u00e9rd\u00e9se van az adatv\u00e9delemmel kapcsolatban, az 1. pontban megadott el\u00e9rhet\u0151s\u00e9geinken l\u00e9phet vel\u00fcnk kapcsolatba.<\/p>\n\n\n\n<ol class=\"wp-block-list\" start=\"8\">\n<li>Az adatv\u00e9delmi politika v\u00e1ltoz\u00e1sai<\/li>\n<\/ol>\n\n\n\n<p>Fenntartjuk a jogot, hogy sz\u00fcks\u00e9g eset\u00e9n friss\u00edts\u00fck ezt az adatv\u00e9delmi szab\u00e1lyzatot. K\u00e9rj\u00fck, ez\u00e9rt rendszeresen ellen\u0151rizze adatv\u00e9delmi szab\u00e1lyzatunkat.<\/p>\n\n\n\n<p>K\u00f6sz\u00f6nj\u00fck, hogy id\u0151t szak\u00edtott adatv\u00e9delmi szab\u00e1lyzatunk elolvas\u00e1s\u00e1ra.<\/p>","protected":false},"excerpt":{"rendered":"<p>Vielen Dank f\u00fcr Ihren Besuch auf coke2kaufen.com (im Folgenden &#8222;Website&#8220; genannt). Der Schutz Ihrer personenbezogenen Daten ist uns ein wichtiges Anliegen. Nachfolgend m\u00f6chten wir Sie&hellip;<\/p>","protected":false},"author":10,"featured_media":0,"parent":0,"menu_order":0,"comment_status":"closed","ping_status":"open","template":"","meta":{"_monsterinsights_skip_tracking":false,"_monsterinsights_sitenote_active":false,"_monsterinsights_sitenote_note":"","_monsterinsights_sitenote_category":0,"footnotes":""},"class_list":["post-3","page","type-page","status-publish","hentry"],"_links":{"self":[{"href":"https:\/\/psychedelischerweltraum.com\/hu\/wp-json\/wp\/v2\/pages\/3","targetHints":{"allow":["GET"]}}],"collection":[{"href":"https:\/\/psychedelischerweltraum.com\/hu\/wp-json\/wp\/v2\/pages"}],"about":[{"href":"https:\/\/psychedelischerweltraum.com\/hu\/wp-json\/wp\/v2\/types\/page"}],"author":[{"embeddable":true,"href":"https:\/\/psychedelischerweltraum.com\/hu\/wp-json\/wp\/v2\/users\/10"}],"replies":[{"embeddable":true,"href":"https:\/\/psychedelischerweltraum.com\/hu\/wp-json\/wp\/v2\/comments?post=3"}],"version-history":[{"count":1,"href":"https:\/\/psychedelischerweltraum.com\/hu\/wp-json\/wp\/v2\/pages\/3\/revisions"}],"predecessor-version":[{"id":1979,"href":"https:\/\/psychedelischerweltraum.com\/hu\/wp-json\/wp\/v2\/pages\/3\/revisions\/1979"}],"wp:attachment":[{"href":"https:\/\/psychedelischerweltraum.com\/hu\/wp-json\/wp\/v2\/media?parent=3"}],"curies":[{"name":"wp","href":"https:\/\/api.w.org\/{rel}","templated":true}]}}

Adatvédelmi szabályzat

<p>Köszönjük látogatását a <a href="/hu/">coke2kaufen.com</a> (a továbbiakban: "weboldal"). Az Ön személyes adatainak védelme fontos számunkra. A következőkben szeretnénk tájékoztatni Önt arról, hogy milyen személyes adatokat gyűjtünk a weboldalunkon tett látogatása során, milyen célokra használjuk fel azokat, és milyen jogok illetik meg Önt az adatai tekintetében. Ez az adatvédelmi szabályzat a coke2kaufen.com weboldal használatára vonatkozik.</p>



<ol class="wp-block-list">
<li>Felelős szerv</li>
</ol>



<p>A jelen weboldalon az adatfeldolgozásért felelős</p>



<p>Coke2Kaufen GmbH Musterstraße 123 12345 Musterstadt Németország E-Mail: <a href="mailto:info@psychedelischerweltraum.com">info@psychedelischerweltraum.com</a></p>



<ol class="wp-block-list" start="2">
<li>Személyes adatok gyűjtése és feldolgozása</li>
</ol>



<p>a) A weboldal látogatásakor</p>



<p>Amikor Ön meglátogatja weboldalunkat, automatikusan gyűjtjük és tároljuk azokat a technikai információkat, amelyeket az Ön böngészője továbbít a szerverünkre. Ezek közé tartozik az Ön eszközének IP-címe, a böngésző típusa, a hozzáférés dátuma és időpontja, a megnyitott oldalak és fájlok, valamint az a weboldal, amelyről Ön a weboldalunkra lépett (hivatkozó URL). Ezen adatok gyűjtése technikailag szükséges ahhoz, hogy Ön használni tudja weboldalunkat, valamint a stabilitás és a biztonság érdekében. Ezeket az adatokat nem vonjuk össze más adatforrásokkal, és nem használjuk fel felhasználói profilok létrehozására.</p>



<p>b) A regisztráció és a rendelés során</p>



<p>Amikor Ön regisztrál a weboldalunkon vagy megrendelést ad le, összegyűjtjük a feldolgozáshoz szükséges személyes adatokat. Ezek közé tartozik az Ön neve, címe, e-mail címe és egyéb kapcsolattartási adatai. Ezeket az adatokat kizárólag az Önnel kötött szerződés teljesítéséhez használjuk fel, és nem adjuk tovább harmadik félnek, kivéve, ha ez a szerződés teljesítéséhez szükséges (pl. továbbítás a szállítási szolgáltatóknak).</p>



<p>c) A kapcsolatfelvételkor</p>



<p>Ha e-mailben vagy a weboldalon található kapcsolatfelvételi űrlapon keresztül lép kapcsolatba velünk, akkor az Ön által megadott adatokat tároljuk, hogy feldolgozhassuk a megkeresését. Ezeket az adatokat az Ön hozzájárulása nélkül nem adjuk tovább harmadik félnek.</p>



<p>d) Sütik használata</p>



<p>Sütiket használunk, hogy javítsuk és elemezzük weboldalunk használatát. A sütik olyan kis szöveges fájlok, amelyek az Ön végberendezésén tárolódnak, és bizonyos információkat tartalmaznak. Arra szolgálnak, hogy a honlapot felhasználóbarátabbá, hatékonyabbá és biztonságosabbá tegyük. A cookie-k tárolását a böngésző beállításaiban kikapcsolhatja. Kérjük, vegye figyelembe, hogy ez korlátozhatja weboldalunk működését.</p>



<ol class="wp-block-list" start="3">
<li>Az adatfeldolgozás célja</li>
</ol>



<p>Az Ön személyes adatait kizárólag a következő célokból kezeljük:</p>



<ul class="wp-block-list">
<li>Weboldalunk biztosítása és fejlesztése</li>



<li>Megrendelések és szerződések feldolgozása</li>



<li>Kérdések megválaszolása és az Önnel való kommunikáció</li>



<li>Az informatikai biztonság garantálása és a hibák elemzése</li>



<li>A jogi kötelezettségek teljesítése</li>
</ul>



<ol class="wp-block-list" start="4">
<li>Az adatfeldolgozás jogalapja</li>
</ol>



<p>Az Ön személyes adatait az Európai Unió adatvédelmi törvényei, különösen az általános adatvédelmi rendelet (GDPR) alapján kezeljük. A jogalap különösen az Önnel kötött szerződés teljesítése, az Ön hozzájárulása vagy jogos érdekünk lehet.</p>



<ol class="wp-block-list" start="5">
<li>Az adattárolás időtartama</li>
</ol>



<p>Az Ön személyes adatait csak addig tároljuk, ameddig az szükséges ahhoz a célhoz, amelyhez gyűjtöttük, vagy ameddig a törvényes megőrzési időszakok megkövetelik. Amint a cél megszűnik, vagy a megőrzési időszakok lejártak, az Ön adatait töröljük.</p>



<ol class="wp-block-list" start="6">
<li>Közzététel harmadik félnek</li>
</ol>



<p>Személyes adatait nem adjuk át harmadik félnek, kivéve, ha ez a szerződés teljesítéséhez vagy jogi előírások miatt szükséges.</p>



<ol class="wp-block-list" start="7">
<li>Az Ön jogai</li>
</ol>



<p>Önnek joga van tájékoztatást kapni az általunk feldolgozott adatokról, valamint joga van a helyesbítéshez, törléshez, a feldolgozás korlátozásához és az adathordozhatósághoz. Ön bármikor visszavonhatja az adatai feldolgozásához adott hozzájárulását. Jogai gyakorlásához, vagy ha bármilyen kérdése van az adatvédelemmel kapcsolatban, az 1. pontban megadott elérhetőségeinken léphet velünk kapcsolatba.</p>



<ol class="wp-block-list" start="8">
<li>Az adatvédelmi politika változásai</li>
</ol>



<p>Fenntartjuk a jogot, hogy szükség esetén frissítsük ezt az adatvédelmi szabályzatot. Kérjük, ezért rendszeresen ellenőrizze adatvédelmi szabályzatunkat.</p>



<p>Köszönjük, hogy időt szakított adatvédelmi szabályzatunk elolvasására.</p>

<p>Vielen Dank für Ihren Besuch auf coke2kaufen.com (im Folgenden &#8222;Website&#8220; genannt). Der Schutz Ihrer personenbezogenen Daten ist uns ein wichtiges Anliegen. Nachfolgend möchten wir Sie&hellip;</p>
